8) in base 13?
bc5
Convert 1112100201 (base 3) to base 2.
111010111000111
60 (base 11) to base 2
1000010
Convert -1102 (base 7) to base 16.
-18a
Convert 2370 (base 8) to base 7.
3465
Convert 1aed (base 16) to base 4.
1223231
What is 1251 (base 6) in base 7?
634
Convert a59b (base 16) to base 14.
11643
What is -144120 (base 6) in base 14?
-50ac
1141 (base 8) to base 14
317
Convert 1202 (base 4) to base 13.
77
What is -3122 (base 5) in base 4?
-12130
Convert -6147 (base 11) to base 13.
-3937
What is -46760 (base 10) in base 9?
-71125
Convert -13451 (base 10) to base 3.
-200110012
Convert -1aa (base 12) to base 2.
-100010010
-4194 (base 10) to base 4
-1001202
What is -10001100 (base 2) in base 13?
-aa
Convert -3703 (base 8) to base 11.
-1547
11aa (base 12) to base 5
31002
Convert -1076 (base 8) to base 14.
-2d0
-356c (base 16) to base 5
-414201
Convert 485 (base 15) to base 13.
60b
Convert -10203400 (base 5) to base 14.
-22cca
What is -2351 (base 13) in base 9?
-6728
What is 431130 (base 6) in base 15?
a6ac
Convert -12222 (base 4) to base 10.
-426
Convert 21331121 (base 4) to base 7.
226634
Convert 30013 (base 7) to base 15.
220d
Convert 52d2 (base 16) to base 11.
14a25
What is 1696 (base 10) in base 15?
781
33132331 (base 4) to base 5
4012141
Convert -11122320 (base 4) to base 12.
-10a20
Convert 6614 (base 8) to base 4.
312030
-6534 (base 13) to base 11
-a631
What is -3ad (base 16) in base 4?
-32231
What is -f3d3 (base 16) in base 6?
-1200551
Convert 1b91 (base 13) to base 15.
1384
What is -14511 (base 6) in base 8?
-4453
What is -2794 (base 12) in base 8?
-10740
What is -31022 (base 5) in base 10?
-2012
Convert 1201110222 (base 3) to base 9.
51428
Convert -20240 (base 5) to base 13.
-7a7
Convert 281 (base 10) to base 7.
551
What is 7c91 (base 14) in base 6?
244223
Convert a67 (base 12) to base 8.
2757
What is 154140 (base 7) in base 6?
352033
What is 1133 (base 6) in base 9?
333
Convert 13510 (base 6) to base 2.
100001010010
What is -48067 (base 10) in base 9?
-72837
Convert 11201011 (base 4) to base 10.
22597
-15922 (base 10) to base 3
-210211201
Convert -1053 (base 7) to base 2.
-101111101
Convert -21001210 (base 3) to base 5.
-131101
What is -52622 (base 7) in base 3?
-122211112
Convert -23220 (base 4) to base 5.
-10434
What is 7a03 (base 11) in base 16?
2922
What is 10112000 (base 3) in base 11?
1a22
What is 25502 (base 6) in base 3?
12021202
-5a (base 14) to base 9
-88
-11022 (base 4) to base 6
-1310
What is 92 (base 16) in base 7?
266
What is d0 (base 16) in base 5?
1313
What is -1d63 (base 14) in base 12?
-3143
Convert -215131 (base 7) to base 2.
-1001001110101001
-3324 (base 7) to base 13
-70b
What is 310440 (base 5) in base 3?
111212211
What is -3523 (base 8) in base 6?
-12403
-1958 (base 10) to base 13
-b78
What is -2a5 (base 11) in base 4?
-11211
Convert -a06 (base 13) to base 2.
-11010100000
Convert 151420 (base 7) to base 10.
29365
-243 (base 7) to base 16
-81
What is -3d84 (base 14) in base 3?
-112221120
26351 (base 7) to base 5
211133
2200220 (base 3) to base 7
5511
Convert 3077 (base 11) to base 5.
112302
-b2b (base 16) to base 12
-17a3
14115 (base 8) to base 16
184d
What is 260 (base 15) in base 16?
21c
Convert 988 (base 11) to base 6.
5253
10020102 (base 3) to base 8
4470
What is -340413 (base 7) in base 15?
-12ca6
What is -333346 (base 7) in base 4?
-32113102
Convert 1710 (base 8) to base 4.
33020
Convert -189 (base 13) to base 3.
-101110
-3024 (base 5) to base 10
-389
Convert -14213 (base 8) to base 9.
-8551
What is 1322 (base 7) in base 4?
13322
What is -11100001 (base 2) in base 14?
-121
-1254 (base 7) to base 12
-340
Convert 1652 (base 7) to base 12.
482
What is 22102121 (base 3) in base 11?
4687
bdf (base 16) to base 3
11011120
-64 (base 13) to base 5
-312
What is 378 (base 9) in base 7?
626
-6222 (base 7) to base 3
-2222110
What is -1947 (base 10) in base 4?
-132123
Convert -1322302 (base 4) to base 9.
-11701
Convert -666 (base 16) to base 11.
-125a
What is -21016 (base 14) in base 11?
-54890
What is b49 (base 13) in base 7?
5412
What is -590 (base 10) in base 8?
-1116
Convert 1584 (base 9) to base 4.
102322
1021 (base 12) to base 2
11011011001
What is -38d (base 14) in base 10?
-713
134 (base 13) to base 6
552
What is -2745 (base 11) in base 15?
-10c3
1583 (base 15) to base 4
1020033
What is 2121311 (base 5) in base 11?
24a14
Convert 85a5 (base 14) to base 5.
1214302
What is e9 (base 15) in base 14?
119
Convert 113423 (base 5) to base 14.
178a
Convert -399 (base 12) to base 14.
-2b3
24b3 (base 14) to base 12
3879
Convert 1000111001001100 (base 2) to base 14.
d3c0
What is 88b4 (base 12) in base 3?
202201201
Convert 11711 (base 8) to base 11.
3895
Convert -167a7 (base 13) to base 3.
-2012001221
Convert -347 (base 9) to base 8.
-436
Convert -1004 (base 13) to base 10.
-2201
What is -12509 (base 11) in base 12?
-a451
1562 (base 16) to base 3
21111202
What is 6a8 (base 15) in base 13?
8c0
-13a1 (base 15) to base 8
-10151
What is 11221111 (base 3) in base 10?
3604
Convert 1774 (base 8) to base 6.
4420
What is -341 (base 13) in base 16?
-230
What is -38881 (base 9) in base 4?
-12121330
20233 (base 4) to base 10
559
Convert -11220 (base 4) to base 14.
-1ba
What is -b78 (base 13) in base 9?
-2615
Convert -20504 (base 6) to base 7.
-11044
-93 (base 12) to base 14
-7d
443 (base 6) to base 5
1141
1000010111 (base 2) to base 4
20113
100011101001111 (base 2) to base 10
18255
Convert 63a (base 12) to base 2.
1110001110
Convert 10232320 (base 4) to base 11.
13622
Convert 146420 (base 8) to base 15.
1084b
What is 1585 (base 9) in base 14?
627
24033 (base 7) to base 2
1100000110110
228 (base 9) to base 7
356
-11310 (base 4) to base 14
-1c8
155a8 (base 14) to base 13
1b323
12232 (base 4) to base 8
656
What is -c63 (base 15) in base 9?
-3743
What is -832b (base 13) in base 7?
-103554
1013303 (base 6) to base 11
33663
What is -1100011010111110 (base 2) in base 11?
-35253
8803 (base 9) to base 16
1953
What is -559 (base 11) in base 10?
-669
-265122 (base 7) to base 6
-1022320
3563 (base 9) to base 15
bb9
Convert 13331 (base 5) to base 11.
902
Convert -3106 (base 8) to base 10.
-1606
What is 270 (base 8) in base 14?
d2
Convert -1001110111 (base 2) to base 13.
-397
Convert -101111101101 (base 2) to base 13.
-150b
1144 (base 10) to base 9
1511
What is -1216 (base 8) in base 11?
-545
What is 1340 (base 9) in base 6?
4400
3203301 (base 4) to base 6
151253
501 (base 15) to base 8
2146
What is -3472 (base 15) in base 6?
-123312
Convert -29a0 (base 11) to base 9.
-5260
Convert -2d0 (base 14) to base 16.
-23e
What is 10001000101 (base 2) in base 4?
101011
Convert -653 (base 9) to base 6.
-2250
Convert -3d09 (base 14) to base 15.
-32e4
Convert -1602 (base 9) to base 12.
-855
What is -100001111 (base 2) in base 7?
-535
1660 (base 7) to base 6
3051
-5261 (base 14) to base 7
-56251
Convert -cb (base 14) to base 11.
-153
Convert 670 (base 10) to base 11.
55a
What is -1111202211 (base 3) in base 11?
-20370
What is -5154 (base 9) in base 4?
-322333
-1111111110 (base 3) to base 11
-201aa
-15558 (base 10) to base 9
-23306
What is 972 (base 12) in base 7?
4013
Convert 1573 (base 9) to base 6.
5320
-1619 (base 12) to base 11
-1a66
What is -241b (base 13) in base 2?
-1001111100110
Convert 42132 (base 9) to base 10.
27812
Convert 100010110 (base 2) to base 13.
185
Convert 1010221 (base 3) to base 15.
3aa
4256 (base 8) to base 4
202232
What is 5a (base 12) in base 9?
77
What is 101100010000 (base 2) in base 12?
1780
What is -1102021 (base 3) in base 5?
-13113
158b (base 12) to base 16
9fb
Convert -6b (base 15) to base 12.
-85
Convert -101033 (base 4) to base 13.
-66b
What is -3576 (base 11) in base 6?
-33401
Convert 1736 (base 11) to base 10.
2217
What is 1010011110110100 (base 2) in base 3?
2011220002
-3499 (base 13) to base 10
-7393
What is 227113 (base 8) in base 6?
1354135
Convert -ba (base 13) to base 4.
-2121
-110010010000101 (base 2) to base 13
-b936
What is 587 (base 14) in base 5?
13344
Convert 23303 (base 4) to base 11.
627
Convert -1252 (base 10) to base 2.
-10011100100
What is -700 (base 8) in base 5?
-3243
31430 (base 6) to base 15
13e6
Convert 161242 (base 7) to base 14.
b792
Convert 1231 (base 4) to base 13.
85
Convert -38b0 (base 14) to base 